 -3*j + 4. Let z be b(-3). Let x = -7 + z. Let d(n) = 65*n + 19. Is d(x) prime?
True
Let q = 599 - 477. Suppose -q*n = -131*n + 194751. Is n a composite number?
True
Let u(n) be the first derivative of -n**4/4 + 5*n**3/3 - 9*n**2/2 + 33*n + 67. Is u(-14) prime?
False
Let o be 0/(-7) - 2/(-1). Let u be ((-3 + -2)/(-15))/(o/(-30)). Let l(y) = -495*y + 28. Is l(u) prime?
True
Let j(d) = 61*d - 1. Let k be 2 + 0 - 3*(0 - -1). Let p be (-15 + (-6)/(-2))*k/2. Is j(p) a prime number?
False
Let u(w) = -8930*w + 1307. Is u(-27) a prime number?
False
Let z(h) be the first derivative of -27*h**4/4 - h**3 + 7*h**2/2 + 10*h + 52. Let c be (1 + 1)*(-9)/6. Is z(c) composite?
False
Let f = -14557 + 16146. Is f prime?
False
Suppose 0 = 4*o - 0 - 96. Suppose -n = n + o. Is (n/8)/((3/(-5946))/1) composite?
True
Let h(t) be the second derivative of 0*t**3 + 21/2*t**2 + 0 + 5/3*t**4 + 30*t. Is h(5) prime?
True
Let w be (-2 + 0)/(-4*(-1)/(-8)). Suppose 13*p = -w*p + 3587. Is p a composite number?
False
Suppose -2*w + 4 = -0, -4*x - 5*w = 38. Let p be (2/(-4))/(3/x). Suppose p*v - 148 = -42. Is v a composite number?
False
Suppose -f + 10 = -2*z, -13*f + 14*f - 6 = z. Let w = 2 - 2. Is (24 - w/(-2)) + f prime?
False
Suppose -5*s = 4*m - 8 - 20, 4*s - 4*m = 8. Let j(v) = 5 + 4 + s*v + 250*v**2 - 2 - 6*v. Is j(5) a prime number?
True
Let o(d) = -d**2 - 5*d + 8. Let w be o(-6). Suppose 90*s - 858942 = -36*s. Suppose w*l + 0*a + a - s = 0, -2*l = -2*a - 6808. Is l a prime number?
True
Suppose r + 5*c - 109083 = 0, -2*c - 398 + 402 = 0. Is r a prime number?
True
Is 1261510/(-20)*(0 + -2) a composite number?
False
Suppose 3*j - g - 1573391 = 0, 38*j + 2622313 = 43*j + g. Is j prime?
False
Let h(u) = 1307*u - 15. Let z be 27/15*(-7)/((-147)/70). Is h(z) a composite number?
True
Let p = 415 - 408. Suppose 8*w - p*w - d = 32, -4*d - 66 = -2*w. Is w a composite number?
False
Let p(z) = -20 - 12 - 7 - 922*z. Is p(-7) a prime number?
False
Let z = 71085 - 30206. Is z a prime number?
True
Suppose 3*k + 78827 = 2*b, 4*b - 5329 = 3*k + 152340. Is b a composite number?
True
Suppose 2*z + 11534 = -3*h, 6*z - 4*z = h - 11550. Let d = z + 12336. Is d a composite number?
False
Suppose -3*g - 19970 = -h, 4*g + 0*h + 26624 = 4*h. Let w = -3160 - g. Is w a prime number?
False
Let k be -7 - -13 - (-9 + 1). Let p(z) = 108*z**2 - 9*z - 41. Is p(k) a composite number?
False
Let l(o) = -5*o**3 + 639*o**2 - 723*o - 78. Is l(115) a composite number?
True
Let f = -2900 + 4209. Let c = 2966 - f. Is c prime?
True
Suppose -152*c = 180*c - 133782388. Is c a composite number?
True
Suppose -7*d + 188 = -64. Is 208053/d + 6/(-24) prime?
True
Let u be (-16)/6*(19 - 46). Let m = 2119 - u. Is m a prime number?
False
Let s = -816073 - -1453308. Is s a prime number?
False
Let g = -9845 + 19642. Is g prime?
False
Is 2/(-27) + (-29943480)/(-648) + 2 a prime number?
False
Suppose 0 = 3*b + 5*j - 7*j - 30681, -4*b + 40891 = 3*j. Suppose 0 = 3*f, -13*f - b = -5*z - 9*f. Is z a prime number?
False
Let y(o) = 716783*o**2 - 35*o - 35. Is y(-1) prime?
True
Let g be 3*(-10)/(-15)*3 - 1. Is ((-979)/(-4))/(g/20) composite?
True
Let f(y) = -2*y**2 + 10*y. Let h be f(11). Is (-11654)/(-8) + (-33)/h composite?
True
Suppose -2*y = -3*r + r - 137718, 0 = -y - 5*r + 68841. Suppose -5*n + y = 8*v - 7*v, -13774 = -n - 3*v. Is n composite?
True
Let l(r) = -72*r - 19. Let t(z) = -72*z - 19. Let x(i) = 4*l(i) - 3*t(i). Let c be ((-7)/(-21))/(-3 - (-284)/96). Is x(c) composite?
False
Suppose 0 = -2*m + 79665 + 12377. Is m composite?
False
Is (78/204 + 50/425)/((-1)/(-1268636)) a composite number?
True
Suppose 5*o = 3*f - 6487 + 834, 2*o - 9370 = -5*f. Suppose 786 - f = -10*a. Suppose a*c - 110*c = -1151. Is c prime?
True
Let i(n) = 2*n**2 + 78*n - 53. Let q be 178/7 - (-9)/(-21). Is i(q) prime?
False
Suppose -616*w + 20 = -618*w. Is 14/35 + (-141306)/w a composite number?
True
Let p = -282 + 286. Suppose 0 = -3*m - 12, p*d - 2*m = 5*d - 1979. Is d prime?
True
Let o = 935 - -1096. Let x = o - -1388. Is x prime?
False
Let x = -62951 - -112808. Is x composite?
True
Let v be (77/(-21))/11*(-59 - 1). Is 20851/4 - (-5)/v a prime number?
False
Let a = -179775 - -308734. Is a a prime number?
True
Is (49*(-35)/(-3430))/(1371090/(-1371092) + 1) a prime number?
False
Let r(i) = 8*i - 4. Let x be r(4). Suppose 12*s = 10*s + x. Suppose 0 = -s*b + 19*b - 4315. Is b a composite number?
False
Suppose -d + 13*z - 12*z - 6 = 0, -2*d = 3*z + 2. Let u be d/(-18) + (-857)/9. Let n = 392 - u. Is n prime?
True
Suppose d = -2*k + 1809, 5*k + 4005 = 4*d - 3179. Is d a composite number?
False
Suppose -5*n - 297971 = -3*c, 2*c - 5*n - 83011 - 115643 = 0. Is c a composite number?
False
Is (-1)/2*1157319/18*(-37 - -33) a prime number?
True
Suppose -12*w + 42 = -6*w. Let d be (w/4 + -1)*4. Suppose 2651 = d*g + 4*z, -2*g + 923 = 5*z - 835. Is g a composite number?
True
Is 21/(-12) - (-501854535)/468 prime?
False
Let z = 4988 + 4539. Is z a prime number?
False
Let n be 1 + 64*(-2)/2. Let v be (-132462)/n + (-6)/(-14). Is (v/6)/(1/6*3) a composite number?
False
Suppose 0 = 5*u + 4*f - 1235479, -3*u = -f - 497408 - 243893. Is u prime?
True
Is (-10)/(-165) + (-11)/((-6897)/1577200279) a prime number?
False
Let o(s) = 172*s**2 - 2*s + 13. Let b be o(4). Suppose 12*d = 11*d - b. Is 6/9 - d/9 a prime number?
True
Suppose -25714 - 21591 = -5*w. Is w a composite number?
False
Suppose -338554 - 496926 = -10*w. Is ((-5 - -4) + 0)/((-4)/w) composite?
False
Suppose 3*h = 3*m - 606036, -4*h - 611704 = -2*m + 196336. Is h/(-56) - 2/7 prime?
True
Is (11515240/1320)/((2/3)/2) a composite number?
False
Suppose d = 4*g + 1660, -4*g - d = -3*d + 1656. Suppose l + 607 + 1620 = 0. Let w = g - l. Is w prime?
True
Suppose 0 = -3*d - 2*i + 8265 + 1784, 3*d = i + 10037. Is 0 + d - (-5 + 11) composite?
True
Let c = -1991 + 2874. Let f = 1950 + c. Is f prime?
True
Let t = -208325 + 373044. Is t a prime number?
False
Let z(h) = -8*h**3 + 12*h**2 - 176*h - 2783. Is z(-18) prime?
True
Suppose 474*a - 120*a = -45*a + 357979209. Is a prime?
True
Let u be 3 + ((-16)/20)/((-1)/60). Let i = u + 67. Let j = i + -87. Is j a composite number?
False
Suppose -6*s = 4060 - 12016. Let z = 619 + s. Is z a prime number?
False
Let v be ((4 - -2) + -1)*1. Let w(m) = 0*m + m + m**2 + 5 - 5*m. Is w(v) prime?
False
Let w = 555896 - 195355. Is w composite?
False
Suppose 7 = j - 2*y, -4*y = 5*j - 4 - 3. Suppose -6*t + 4*a = -t - 8297, -a = -j*t + 4974. Is t prime?
True
Let m(s) = -3*s**3 + 7*s + 7. Let z be m(-1). Suppose z*u = 4*n + 52069, 0*u = u - 5*n - 17338. Is u prime?
False
Let c(r) = -r**2 + 12*r - 12. Let i be c(10). Suppose -18302 = i*f - 10*f. Is f prime?
True
Let o be (8/(-3))/((10/(-3))/5). Suppose o*s + 24466 = 4*a - s, -a + 6115 = -2*s. Is a a composite number?
True
Suppose 79602 + 782203 = 35*z. Is z a composite number?
False
Let s = -574894 + 1189565. Is s a prime number?
True
Let k(j) be the second derivative of -119*j**5/120 - 3*j**4/4 + 11*j**3/6 + 18*j. Let z(l) be the second derivative of k(l). Is z(-3) composite?
True
Suppose -2 = 2*p, -6*l - 48 = -l - 2*p. Is (-33058)/l + (-8)/60*6 a prime number?
False
Let z be ((-4)/(-10)*1)/((-3)/12405). Let u = -483 - z. Is u composite?
False
Suppose -h + 2*r = -630857, r - 49 = -45. Is h a prime number?
False
Is (-500)/(-40)*2/5 + 391608 a composite number?
False
Is (1 + 0)*(3471848/(-28))/((-90)/315) a composite number?
False
Let y(n) = -37*n**2 + n + 3. Let f be y(4). Suppose 1554*c = 1552*c - 166. Let r = c - f. Is r a composite number?
True
Suppose -5*y = 11*y + 128. Let m(d) = -4*d**3 - 3*d**2 + 10*d + 23. Is m(y) a composite number?
True
Let i(q) = -86930*q - 2087. Is i(-5) prime?
False
Let n = -270 - -180. Is n/(-12) + (0 - 9/6) a composite number?
True
Let k = -218320 - -607299. Is k a composite number?
True
Let b(h) = h**3 + 14*h**2 - 5*h - 35. Let n be -1 + (2 - 4) + 38. Suppose -35 - n = 5*j. Is b(j) a composite number?
True
Let d(u) = -5*u**2 + 34*u + 4. Let c be d(7). Let g be 1*3/c*145. Let v = g - -258. Is v a prime number?
True
Let c(m) be the first derivative of 5*m**3/3 + m + 5. Let j be c(-1). Suppose -t - j*t = -1631. Is t prime?
True
Let x(b) be the third derivative of -b**5/60 + b**4/12 + b**3/2 - 5*b**2. Let t be x(5). Let c